d derivative of 0 - 1/180*o**6 - 1/30*o**5 + 0*o**2 - 4*o + 1/12*o**4 + 0*o**3. Let t(g) be the third derivative of h(g). Determine t(-3).
8
Let q(n) be the first derivative of n**4/4 - 30*n - 27. Determine q(0).
-30
Let s(i) = -1 - 1 + 95*i - 78*i. Determine s(3).
49
Let t = 377 + -371. Let k(c) = c**3 - 7*c**2 + 8*c - 9. Give k(t).
3
Let j(d) = d**3 - 4 + 0 - 36*d**2 + 44*d**2. Determine j(-7).
45
Let y(r) = 6*r - 4 + 16*r + 4 - 20*r - 3. Let n be 3 - (-5)/((-20)/32). Determine y(n).
-13
Let k(f) = -f**3 - 4*f**2 + 9. Let s be (-1 - -3) + 1 + (-7 - 0). Calculate k(s).
9
Let x(o) = -o**2 - 16*o - 14. Let r be x(-7). Let t(k) = 2*k**2 - 3*k + 1. Let w be t(4). Let u be (-33)/w - (-28)/r. Let l(b) = 16*b**2 + 1. Calculate l(u).
17
Let y = 58 - 49. Let m(u) = 12*u**3 + u**2 - 29*u**3 + y*u**3 + 9*u**3 + 3. What is m(0)?
3
Let c(g) = g**3 + 7*g**2 - 8*g + 6. Suppose -73 = -3*v + 2*b, 91 = 4*v + 5*b - 14. Suppose -31 - v = 7*x. Give c(x).
6
Suppose 0 = -9*l + 21 + 24. Let x(i) = -i**3 - i**2 + 6 - 8*i + 7*i**2 + 6 - 7. Give x(l).
-10
Let p(o) = -o - 3. Let z be p(-5). Let r(m) = -m**3 + 4*m**2 - 10*m - 4. Let y(s) = -s**2 + 2*s + 1. Let t(v) = -r(v) - 6*y(v). What is t(z)?
10
Let c(a) be the third derivative of -a**4/8 - a**3/2 - 19*a**2 - 2. Determine c(-5).
12
Let p(k) be the second derivative of k - 2/3*k**3 + 3/2*k**2 + 16 - 1/2*k**4 - 1/20*k**5. Suppose 0 = 3*b - b + 10. Give p(b).
-2
Suppose 0 = -j - 5*f + 11, -44 = -8*j + 4*j - 5*f. Let s(v) = -v**2 + 11*v + 4. What is s(j)?
4
Let l(u) = u**2 - 9. Let f(j) = -30*j - 30. Let r be f(-1). Determine l(r).
-9
Let y(w) be the third derivative of 0*w + 18*w**2 - 2/3*w**3 - 1/60*w**5 - 1/4*w**4 + 0. Calculate y(-4).
4
Let z(p) = -p**2 - 8*p - 1. Suppose 0 = t - 1 - 2. Let n(h) = -h**2 - 9*h. Let i(r) = t*n(r) - 4*z(r). Determine i(-3).
-2
Let j(i) = -2*i**2 + 4*i - 2. Let m be (-4)/2*3 - 0. Let r = -173 + 164. Let t = m - r. What is j(t)?
-8
Let x(c) = c - 33. Let g(u) = -u**3 - 20*u**2 - u + 358. Let l be g(-19). Calculate x(l).
-17
Let d(n) be the first derivative of n**4/4 - 7*n**3/3 - n**2/2 + 2*n - 375. Suppose -4*c + 4*g = -28, -5*g = 2*c - 14 - 0. Calculate d(c).
-5
Suppose -4*h + h + 15 = -5*u, -2*u + 13 = -5*h. Let m(w) = -w**2 - 7*w + 9. Give m(u).
15
Let c(r) = 7*r - 4. Let i(j) = 64*j - 36. Suppose -2*x + 3 - 1 = 0. Let u(h) = -5*h + 2. Let v be u(x). Let z(p) = v*i(p) + 28*c(p). Give z(3).
8
Let a be (1 + 0 - 1)/1. Let k(g) = 4*g - 19. Let c be k(5). Let x(p) = p - p - c + a - p. What is x(-4)?
3
Suppose -13*f + 19*f - 54 = 0. Let n(g) = 2*g**3 - 12*g**2 + 15*g - 3. Let k(a) = -a**3 + 6*a**2 - 7*a + 1. Let q(p) = f*k(p) + 4*n(p). Give q(5).
7
Suppose -39 = 3*j + 3. Let k = -16 - j. Let v be -2 + (k - -2) + 1. Let c(l) = -5*l**2 + 2*l + 1. Calculate c(v).
-6
Let t(s) = 15*s - 7*s - 12*s + s**2 + 3. Suppose -5*j = -12 + 37. Let i = j + 9. What is t(i)?
3
Let n(w) = w**3 - 15*w**2 - 2*w + 32. Let d(c) = -c**2 + 26*c + 135. Let z be d(-4). Determine n(z).
2
Let c(j) = 2*j**3 + 3*j**2 + j + 2. Let a(n) = -n**3 - n**2 - n. Let q(t) = -3*a(t) - c(t). Determine q(3).
31
Suppose -5 = -2*n - f, 4*n - 1 - 2 = 5*f. Let y be n/9 + (0 - 34/(-9)). Let b(u) be the first derivative of 3*u**2/2 - 5*u - 2. Determine b(y).
7
Let k = -72 + 66. Let l(j) = -j - 7. What is l(k)?
-1
Suppose 3*y = 3*k - 0*k + 54, 76 = 4*y - 3*k. Let c(w) = -y*w**2 - 2*w + 10*w**2 - 11*w**2 + 44 - 45. Calculate c(-1).
-22
Let c = -201 - -205. Let d(v) = 1 + v + 1 - 7. Calculate d(c).
-1
Let a(c) = -c**2 + 3*c + 3. Let j be a(3). Suppose 5*l + 0*l - 9 = -j*r, -2*r - 19 = -5*l. Suppose l - 1 = -o. Let v(p) = -p**2 - 2. Determine v(o).
-6
Let x(i) = 3*i + 5. Let j be x(10). Let k = j + -34. Let f(l) = -6*l**3 + 2*l**2 - l. What is f(k)?
-5
Let r(c) be the first derivative of 13 - c**2 - 2/3*c**3 + 2*c. Determine r(-2).
-2
Let o(k) = -k**2 + 2*k. Let l(c) be the second derivative of c**5/20 + c**4/6 - c**3 - 7*c**2/2 - c. Suppose -10*m + 50 = 80. Let w be l(m). Give o(w).
0
Let g(f) = 30 + 70*f**2 - 141*f**2 + 4*f - 12 + 70*f**2. Give g(8).
-14
Let r(h) = h**3 + h**2 - 6*h - 6. Let s(z) = -z**2 - z. Suppose -2 = 2*c + 4*a, 3*c + 3*a - 5*a = 21. Let k(q) = c*s(q) - r(q). Give k(-6).
0
Let u be -1*5/((-25)/35). Let n(w) = 2 - 4 + u*w + 5. Suppose 5*f + 19 = -3*a, -3*a - 17 = -f + 5*f. Determine n(f).
-11
Let i be 6/((-6)/(-3))*-1. Let a(h) = 1. Let z(f) be the first derivative of f**2/2 + 3*f - 4. Let p(g) = i*a(g) - z(g). What is p(6)?
-12
Let n be -3*(-41 + 37)/(-2*1). Let j(s) = 3*s - 2 + 5 + 0. Determine j(n).
-15
Let n(w) be the third derivative of w**6/240 + w**5/20 + 5*w**4/8 - 4*w**2. Let x(m) be the second derivative of n(m). Calculate x(-5).
-9
Let t(u) = u**3 + 5*u**2 - 7. Suppose 0*n + 55 = -11*n. What is t(n)?
-7
Let n(y) = 3*y - 10. Let u = 206 + -210. Give n(u).
-22
Let x(w) = 10*w - 45. Let o(b) = 5*b - 23. Let z(h) = -11*o(h) + 6*x(h). Let s be z(3). Let n(q) = 4*q + 1. Calculate n(s).
-7
Let w(v) = -v**2 - 2. Let y = 505 - 509. Calculate w(y).
-18
Let p(q) = q**3 + 4*q**2 - 2*q - 5. Let w(r) = -r**2 - 13*r + 10. Let x be 1 + (-7)/3 - (-152)/(-12). Let k be w(x). Determine p(k).
3
Let h be (-27)/((40/35)/(-8)). Let w be 27/6*7/(h/6). Let r(i) = -3 + 4 + 2*i - 3*i. Determine r(w).
0
Let y(h) be the first derivative of -2*h**3/3 - h**2/2 - 8. Let x(d) = 5*d**2 - 6*d**2 + 2*d + 0*d + 1 + 0*d**2. Let a be x(0). Calculate y(a).
-3
Let y(l) be the second derivative of -3/2*l**2 - 5/6*l**3 + 1/20*l**5 + 1/12*l**4 - 18*l + 0. Determine y(-3).
-6
Let v(a) be the first derivative of -7 - 1/3*a**3 + 1/12*a**4 + 0*a**2 - 1/60*a**5 + 0*a - 1/360*a**6. Let w(g) be the third derivative of v(g). What is w(-4)?
-6
Let f(r) = r**3 + r**2 - 11*r + 1. Let a be (-57)/228 + (-15)/4. Give f(a).
-3
Let d(k) be the third derivative of -k**4/24 + k**3/6 - 98*k**2. Determine d(4).
-3
Let h(q) be the second derivative of q**4/4 - q**3/6 - 2*q. Suppose 5*b - 4*f + f + 10 = 0, -4 = 2*b - 3*f. Calculate h(b).
14
Let g(y) = y**3 - 6*y**2 + 7*y - 7. Let t = -20 + 20. Suppose -s - 2*r - 1 = 0, -s - r + 2 = -t*s. Calculate g(s).
3
Let y(q) be the second derivative of -q**5/20 + 7*q**4/12 + 7*q**3/6 + q**2 + 11*q. Let g = 30 - 22. Determine y(g).
-6
Let h(w) = 0*w**3 - 8*w**2 - 950 + 957 - w**3 - 6*w. What is h(-7)?
0
Let j(c) = c**2 + 5*c - 6. Let z(t) = -6*t**2 - 24*t + 30. Let q(p) = 11*j(p) + 2*z(p). Let v = -22 + 26. What is q(v)?
6
Let p be 14/(-35) - (-4)/10. Let b(i) = -i**3 + i + 10. Give b(p).
10
Let m(g) = g + 15. Suppose -121*t = -122*t + 4*u, 20 = -3*t + 2*u. What is m(t)?
7
Let x be (-1)/(-2)*(3 - -21). Suppose 5*y = 18 + x. Suppose -9*c + y*c = 12. Let u(q) = -q**2 - 7*q - 6. Determine u(c).
6
Let t(q) be the second derivative of q**3/3 + q**2 + 63*q + 2. Determine t(-6).
-10
Let d(m) = 3*m - 43. Suppose 0 = 4*c - 4*g - 84 + 28, -5*c = 3*g - 30. Calculate d(c).
-16
Let i(h) = 7*h - 52. Let z be i(7). Let o(k) = k**3 + 2*k**2 - k + 4. Give o(z).
-2
Let l be (-1)/2*2 - -3. Let v(y) = l + 3 - 2 - 2. Let c(w) = w + 5. Let u(b) = -6*c(b) + 33*v(b). Give u(2).
-9
Let c(m) = m**3 - 9*m**2 - m + 6. Suppose -15*s = -24*s + 81. What is c(s)?
-3
Let q(k) = k**3 - 7*k**2 + 8*k - 3. Let r be 9/2 - (-9)/6. What is q(r)?
9
Let d(n) = 7 - 16*n - 3*n - 3 + 3 - 6. What is d(2)?
-37
Let n = 1578 - 1588. Let q(u) = 2*u + 12. Determine q(n).
-8
Let w(c) = c - 1. Let b be w(-1). Let m(n) = -n**3 - 2*n**2 + n - 1. Let u be m(b). Let r(o) = -o**2 + o + 1. Calculate r(u).
-11
Let f(s) = 9*s + s - 38 - 8*s - 2*s - 4*s. Determine f(-10).
2
Suppose 0 = -7*l + 3*l + 12. Let d(f) = 2*f**2 - f - 10 - 2 + 14 - 4 + f**l. Give d(2).
12
Let x(a) be the third derivative of a**4/6 + 13*a**3/2 + a**2 + 18*a. Let p be x(-11). Let s(j) be the third derivative of j**4/8 + j**3/6 + j**2. What is s(p)?
-14
Let n(d) = 12*d + 55. Let k(m) = -3*m - 14. Suppose -y - 13 = -5*y - 5*u, 3*y = u + 5. Let a(r) = y*n(r) + 9*k(r). Let w be a(-7). Let v(s) = -s + 3. Give v(w).
-2
Let u(n) = -n**2 + 3*n + 6. Suppose -o + 5*h - 13 = 0, o - 7 = 4*h - 3*h. Suppose o = 4*v - 12. Suppose r - 3*c = -4, c + 3 - v = 0. Determine u(r).
-4
Let a be 26/(-7) - (-26)/(-91). Let t(d) = 6*d + 6. Determine t(a).
-18
Let a(o) be the second derivative of -o**6/120 + o**5/20 - o**4/8 + o**3/2 + 7*o**2/2 + 3*